 + 8 = 0. Let y = 7 - i. List the prime factors of y.
3
Let q(r) be the third derivative of r**5/20 + 2*r**2. Let h be q(-1). Let j(z) = z + 4. What are the prime factors of j(h)?
7
Suppose -2 = 2*z + 6. Let w = z - -4. Suppose w = t - 2*t + 7. What are the prime factors of t?
7
Let g(n) = 1 - n + 5*n**2 - n**2 + 3*n. List the prime factors of g(-3).
31
Let h = -14 - -32. What are the prime factors of h?
2, 3
Suppose -25*b = -30*b + 455. List the prime factors of b.
7, 13
Suppose -2*y + 3*r = -35, 0 = -4*y - r + 6*r + 69. List the prime factors of y.
2
Let w(n) = n**3 + 10*n**2 + 7*n - 13. Let j be w(-9). Suppose t - 4*t + j*b = -131, 149 = 3*t + 4*b. What are the prime factors of t?
47
Suppose 5*d - 150 = -4*r, -r = 4*d - 1 - 108. What are the prime factors of d?
2, 13
Let a = -10 - -12. Suppose -a*p + 2*x = -8, x - 2 = -4*p + 2*p. What are the prime factors of p*(1 + 2/4)?
3
Let y(j) = -j - 1. Suppose 4 = -l + 2, 0 = -4*a - l - 26. What are the prime factors of y(a)?
5
Let r(x) = -x**2 + 14*x - 13. Let k be r(11). List the prime factors of (k/(-3))/((-3)/9).
2, 5
Let n be 12*(-2)/((-24)/9). Suppose 2*y - 16 = -4*r + 16, 3*r = -n. List the prime factors of y.
2, 11
Let b = -8 + 10. Suppose 5*w - 145 = -5*j, -6*w + 180 = -w - b*j. List the prime factors of w.
2, 17
Suppose 4 - 2 = -d. List the prime factors of 16/4*d/(-4).
2
Let v be 12 + (4 - (-2 - -3)). Let h(m) = -m**3 + 5*m**2 - m - 4. Let p be h(3). Let i = v - p. What are the prime factors of i?
2
Let g = -2 - 1. Let y(s) = 3*s**2 - 2*s + 5. What are the prime factors of y(g)?
2, 19
Suppose -2*h - 35 = -5*i + 2*h, 0 = 2*i + 2*h + 4. Let q = 6 - i. Suppose -2*x + q*x = 3*z + 14, 0 = -3*x + 3*z + 30. List the prime factors of x.
2
Suppose -133 = -2*h + 105. List the prime factors of h.
7, 17
Let k(a) be the third derivative of -a**6/120 + a**5/12 + 5*a**3/6 - a**2. What are the prime factors of k(5)?
5
Let p(k) = 3 + 2*k + 6*k**2 + 0*k**3 - k**3 + 2*k**3. Let b be p(-5). What are the prime factors of b/(-4)*(-12)/9?
2, 3
Suppose 2*p + 3 - 7 = 0. What are the prime factors of p?
2
What are the prime factors of 1*(0 - (-30 + -1))?
31
Let t be (1 - 3) + -2 + 1. Let i = t + 5. Let p(w) = w**2 + 2. List the prime factors of p(i).
2, 3
Suppose 0 = 3*i + 4*u - 15, 3*i + 4*u - 20 = -i. Suppose -i*q + 44 + 81 = 0. List the prime factors of q.
5
Let o = -161 - -262. Suppose -2*b - 4*d = -7*d - 46, 5*b = 4*d + o. List the prime factors of b.
17
What are the prime factors of 40 - 38 - (-1)/((-2)/(-402))?
7, 29
Suppose 4*v + 5*t - 65 = 13, 5*t + 98 = 4*v. Suppose 60 = -2*x + 7*x. Let a = v - x. List the prime factors of a.
2, 5
Suppose -5*a + 4*n + 233 = 40, 10 = -5*n. List the prime factors of a.
37
Suppose -3*y + 39 = -36. Suppose 0 = -0*p - p + y. List the prime factors of p.
5
Let f(r) = -7*r + 7*r**2 + r**2 + 2*r**3 - r**3. Let d be f(-9). Let a = -11 - d. List the prime factors of a.
7
Let j(g) = 28*g**3 + g**2. Let z be j(-1). What are the prime factors of 1 - z/((-9)/(-3))?
2, 5
Let n = -153 - -383. What are the prime factors of n?
2, 5, 23
Let s be 252/10 + 6/(-30). Let d be 5/s + (-138)/(-10). Suppose l - d = -l. What are the prime factors of l?
7
Let q(b) = -b**2 - 28*b + 37. What are the prime factors of q(-16)?
229
Let d(s) = s**2 + 11. Let u(i) = i + 2. Suppose -j - 13 = 4*l - 0*j, -4*l = -4*j - 12. Let r be u(l). What are the prime factors of d(r)?
11
Let q be ((-1)/3)/(3/(-18)). Suppose -x = -3*j + x + 35, x = q*j - 25. Suppose -4*f + j = -f. What are the prime factors of f?
5
Let f be ((-4)/(-6))/((-3)/(-72)). Let r = -6 + f. What are the prime factors of r?
2, 5
Let r be (48/4)/(-4) + 2. Let q = 0 + 1. Let v = q - r. List the prime factors of v.
2
Let x = -2 - -4. Let f(p) = p**3 - 3 + 4*p - x*p - 2 + 2. List the prime factors of f(2).
3
Suppose -2*d = -3*l - 7*d + 521, -5*l + d + 831 = 0. What are the prime factors of l?
167
What are the prime factors of (-4)/6 + 642/18?
5, 7
Suppose 4*p = -3*c + 199, 3*p - 2*p + c - 49 = 0. List the prime factors of p.
2, 13
Suppose 262 = 5*w - 4*y, w + 0*y + y - 47 = 0. What are the prime factors of w?
2, 5
Let s(i) = -i**2 + 9*i + 7. Let a be (-2)/10 - (-11)/5. Suppose -y - 3*y + 28 = a*t, 5*y - t = 49. List the prime factors of s(y).
7
Suppose -2*x - x = t - 20, 5 = t. Let v(c) = 2*c - 3. List the prime factors of v(x).
7
Let r(c) = c**3 + 3*c**2 + c. Let k be r(-2). Let v(q) = -6*q**k + 3 + 2 - 1 - q**3. List the prime factors of v(-6).
2
Let n(b) = -b**3 + 7*b**2 - 4*b - 8. Let z be n(6). Suppose -z*g = 16 - 4. What are the prime factors of g*(13/(-3) + 1)?
2, 5
Suppose 14 - 6 = n + 5*j, -2*n - 2*j = -8. Suppose k - 4 = 5*s - n, 5*s + k = -9. What are the prime factors of -6 + 9 - (-4 + s)?
2
List the prime factors of (2 - -2)/((-2)/(-25)).
2, 5
Let v be ((-2)/(-6))/((-3)/(-54)). Suppose g - 14 = v. List the prime factors of g.
2, 5
Let c(m) = -m**2 + 31*m - 66. List the prime factors of c(13).
2, 3, 7
Let x(j) = j**2 - 2*j + 14. List the prime factors of x(9).
7, 11
Let h = 76 - -200. What are the prime factors of h?
2, 3, 23
Let a be ((-20)/(-12))/((-1)/3). Let j(s) be the first derivative of -s**4/4 - 5*s**3/3 - s**2/2 - s - 1. List the prime factors of j(a).
2
What are the prime factors of 220 - ((-24)/(-108) + 68/18)?
2, 3
Let g(w) = 14*w**3 + w - 1. Let s be g(1). What are the prime factors of (10/35)/(2/s)?
2
Let q(g) = 31*g. Suppose -d = 4*p - 6, 5*d + 4 = p + 13. List the prime factors of q(p).
31
Suppose 2*f - 5 = 15. What are the prime factors of ((-8)/10 - -2)*f?
2, 3
Let m(b) = -3*b - 4. Let c be m(-3). Suppose p = c + 8. What are the prime factors of p?
13
Let d(t) = 2*t - 8. Let n be d(6). List the prime factors of 21/n + (-7)/28.
5
Let b = 5 - 0. Suppose 3*f - 27 = -3*y, y = -0*y + b*f + 9. What are the prime factors of y?
3
Suppose j - 25 = 2*t - 2, -4*t = -j + 21. What are the prime factors of j?
5
Suppose 5*k - 4*q = 0, k + k = -3*q + 23. Let l be 10*(2/k + 0). Suppose l*d + 5*c - 10 = 0, -d + 5*c + 28 = -4. What are the prime factors of d?
7
Suppose 0 = 6*x - 2*x. Suppose 0 = -x*j + j - 5. List the prime factors of j.
5
Suppose d = 33 + 11. What are the prime factors of d?
2, 11
Let g = 2 - -3. Suppose g*a - 6 = 24. Let m = a + -2. What are the prime factors of m?
2
Let o = 60 + 130. Suppose 0 = -4*g - g + o. List the prime factors of g.
2, 19
Let z(c) = -c - 1. Let d be z(-4). Let v be 4 + -1 + d/3. Suppose 12 = -v*k, -2*b - b - 5*k + 3 = 0. What are the prime factors of b?
2, 3
Let h(n) = -n. Let p(u) = 2*u. Let o(g) = -11*h(g) - 6*p(g). Let s be o(-5). Suppose 2*z = s + 11. What are the prime factors of z?
2
Suppose -2*j = -j - 10. Suppose -7*v - 12 = -j*v. Suppose a + 2 = -v*i - 3, 5*i = -2*a - 1. What are the prime factors of a?
7
Suppose 24*u - 1656 = 15*u. What are the prime factors of u?
2, 23
What are the prime factors of (-18)/42 + 5427/21?
2, 3, 43
Let j(o) = o**2 + 10*o - 1. Let i(u) = u**2 + 10*u. Let h(p) = -6*i(p) + 5*j(p). What are the prime factors of h(-4)?
19
Let m be (1/2)/((-2)/4). Let d be 5/((-5)/(-2))*m. What are the prime factors of 15*(d - (-24)/10)?
2, 3
Let a(g) = -g**3 + g**2 + 3*g - 3. Let i be a(-4). Suppose -i - 21 = -2*j. Suppose 5*w - j = 2. List the prime factors of w.
3
Let z(h) = -h**2 + 17*h - 8. What are the prime factors of z(11)?
2, 29
Suppose 116*i + 200 = 118*i. List the prime factors of i.
2, 5
Let c(h) be the first derivative of -h**3/3 + 7*h**2/2 - 6*h + 1. What are the prime factors of c(5)?
2
Let b = -22 + 45. Let a = b - 5. What are the prime factors of (a/4)/(12/16)?
2, 3
Suppose -4*g - 2*c - 14 = 0, -3*c = -0*g + 5*g + 19. List the prime factors of (-45)/(-2) + (-1)/g.
23
Suppose 3*v - 5 = 2*h, -2*h - 2*v = -7*h + 4. Let g = 4 - h. Let o = 9 + g. List the prime factors of o.
11
Let z be (-170)/(-4)*72/9. Let s = z - 239. Suppose 4*m - s = -13. List the prime factors of m.
2, 11
Let m = 15 - 12. Suppose -22 = -3*y - 2*u - 0, -2*u + 4 = 0. Let k = m + y. What are the prime factors of k?
3
Let q(f) = f**3 - 4*f + 3. Let i be q(5). Suppose 6*t + i = 10*t. What are the prime factors of t?
3
Suppose 2*c = 4*c - 6. Suppose 7*j = 2*j + 20. Suppose 12 = -c*l + j*l. List the prime factors of l.
2, 3
Suppose 2*a - 46 = -2*j, 3*j + 31 = 5*a + 92. Let l = 42 - j. What are the prime 